base 4, what is -22002 + -102103?
-130111
In base 13, what is 292 + -90?
202
In base 9, what is -641841 + -1?
-641842
In base 8, what is 5 + 543057?
543064
In base 4, what is 2 - 320210201?
-320210133
In base 12, what is 12655 - 24?
12631
In base 11, what is -562783 + 2?
-562781
In base 13, what is 6 + -2a812?
-2a809
In base 14, what is 5 - -3470?
3475
In base 11, what is -1346 + -374?
-170a
In base 5, what is 120232 - 43?
120134
In base 14, what is 0 - -2570d?
2570d
In base 2, what is 11001100100001110 + 0?
11001100100001110
In base 3, what is 0 - 10112220200?
-10112220200
In base 12, what is -4 - -92925?
92921
In base 2, what is 11001011100001011 + 101?
11001011100010000
In base 9, what is 261 - 121?
140
In base 16, what is -212d + -22?
-214f
In base 12, what is 1757 + -14?
1743
In base 8, what is -115265 + -13?
-115300
In base 12, what is -1 - 3408a?
-3408b
In base 3, what is -122122 - 1120?
-201012
In base 8, what is -20 + 762?
742
In base 8, what is 2 - 5273?
-5271
In base 5, what is 10 + 4044434?
4044444
In base 2, what is -10 + 1010000001101?
1010000001011
In base 15, what is -d2 - -3d?
-94
In base 16, what is 3485 + aa?
352f
In base 7, what is -5665 + 5?
-5660
In base 10, what is -1 - 13061?
-13062
In base 15, what is -e - 586?
-595
In base 8, what is -24035 + -4?
-24041
In base 10, what is 2 + -99710?
-99708
In base 16, what is -752 + 2f?
-723
In base 7, what is 2 - -615154?
615156
In base 2, what is 10100111000111 - 1001?
10100110111110
In base 4, what is 2 - 1201221?
-1201213
In base 2, what is 10 - -10100100011110111010?
10100100011110111100
In base 15, what is 8 + -60c4?
-60bb
In base 5, what is -1322 + 1113?
-204
In base 6, what is 5 - 44032?
-44023
In base 4, what is 201030 - -2?
201032
In base 14, what is -6c187b + 2?
-6c1879
In base 2, what is -1111 + -111101111111?
-111110001110
In base 2, what is 10101000011011011 - 100?
10101000011010111
In base 5, what is 12111001 + 4?
12111010
In base 10, what is -23 + -266913?
-266936
In base 12, what is -2b36 - 24?
-2b5a
In base 4, what is 2 - -1032230011?
1032230013
In base 12, what is 46ab - -2?
46b1
In base 9, what is -44465 + -53?
-44528
In base 15, what is 4 + a0d0d?
a0d12
In base 14, what is -9bb6 + 5?
-9bb1
In base 11, what is 1a586 + 2?
1a588
In base 15, what is -5ccb + -50?
-5d2b
In base 14, what is -53 + -1d20?
-1d73
In base 12, what is 4287 - 98?
41ab
In base 4, what is 210211120 - 30?
210211030
In base 5, what is -4024 + 1100?
-2424
In base 12, what is b30 + -4b?
aa1
In base 10, what is -5 + 10999?
10994
In base 13, what is -26 - 491a?
-4943
In base 4, what is -1021001 + 31?
-1020310
In base 6, what is 2 + 1232513?
1232515
In base 11, what is 3 - -205a5?
205a8
In base 2, what is -11010000 + -100001?
-11110001
In base 4, what is 1 + 11133331030?
11133331031
In base 3, what is -111001 - 11110110?
-11221111
In base 6, what is 4215044 + 0?
4215044
In base 10, what is 74446 + -4?
74442
In base 10, what is 9 + -8083?
-8074
In base 13, what is -803 + -755?
-1258
In base 13, what is 3 - -21a5a?
21a60
In base 13, what is -2 + 7207?
7205
In base 4, what is 2 + 1102012?
1102020
In base 9, what is 15587 - -444?
16142
In base 7, what is 623523 - -2?
623525
In base 6, what is 1 + -10534?
-10533
In base 6, what is 255011 + -224?
254343
In base 11, what is -2 + -30969?
-30970
In base 3, what is 1221221202 - 11?
1221221121
In base 12, what is -84 - -12026?
11b62
In base 3, what is -202201201 + -22?
-202202000
In base 10, what is -50365 - -11?
-50354
In base 4, what is 2322 + -120102?
-111120
In base 7, what is 2 + -4541451?
-4541446
In base 5, what is 1304 + -4324?
-3020
In base 14, what is 4 + -1d55d?
-1d559
In base 9, what is 10 - 14741?
-14731
In base 11, what is 1072 - 46a?
703
In base 8, what is -63 + -12264?
-12347
In base 6, what is 1533 + -2143?
-210
In base 11, what is 1 - -281507?
281508
In base 12, what is -b - 59b5?
-5a04
In base 5, what is 102 - 4004?
-3402
In base 15, what is -1ba93d + -5?
-1ba943
In base 15, what is -2770 + 1d8?
-2587
In base 10, what is 54 + 9930?
9984
In base 8, what is 0 - -2237165?
2237165
In base 16, what is 7 - 58c?
-585
In base 4, what is 11330 - 213131?
-201201
In base 5, what is 3 + -3400314?
-3400311
In base 4, what is 30021133 - -1?
30021200
In base 5, what is 42 + -1133433?
-1133341
In base 3, what is -12011 - 2001002?
-2020020
In base 13, what is -3 + -2024?
-2027
In base 7, what is -343016 - 63?
-343112
In base 5, what is 40 + 20142?
20232
In base 16, what is bd + 339?
3f6
In base 16, what is -ca9a + -7?
-caa1
In base 5, what is -1034 - -223?
-311
In base 8, what is -3211 - 17?
-3230
In base 15, what is 12 + 1366a?
1367c
In base 4, what is 12 + 1101212?
1101230
In base 8, what is -5 - 110015?
-110022
In base 10, what is 1 - 6897?
-6896
In base 10, what is -19102 + -1?
-19103
In base 15, what is -5 - 139c1a?
-139c20
In base 6, what is 1224503 + 15?
1224522
In base 8, what is 401 + -440?
-37
In base 4, what is -1112013 + 11?
-1112002
In base 15, what is a + -c98?
-c8d
In base 13, what is -66 - -269?
203
In base 16, what is 2 + 5de9?
5deb
In base 13, what is -52849 - 1?
-5284a
In base 11, what is -7748 - -7?
-7741
In base 13, what is -2 + -6704?
-6706
In base 7, what is -110025 - 32?
-110060
In base 15, what is 33698 - -4?
3369c
In base 10, what is 139 + -2406?
-2267
In base 11, what is -59 + 49?
-10
In base 2, what is -1100 + -11001000000010?
-11001000001110
In base 11, what is a745 - -78?
a812
In base 10, what is 115 - 20808?
-20693
In base 3, what is 10101 - 10100120?
-10020012
In base 11, what is 13 + -13032?
-1301a
In base 16, what is -76682 + -2?
-76684
In base 3, what is 2 + 202220220?
202220222
In base 6, what is 31115 - -4?
31123
In base 13, what is 2 + 3647?
3649
In base 10, what is -22 - 16192?
-16214
In base 2, what is 110 - -101001011?
101010001
In base 13, what is 2 - 8?
-6
In base 6, what is -4412214 + -1?
-4412215
In base 5, what is -4400 - 43122?
-103022
In base 16, what is -9415 - -6?
-940f
In base 5, what is -433003 + -104?
-433112
In base 7, what is -2 - 14423610?
-14423612
In base 12, what is -37 + 91?
56
In base 14, what is 16d0 + -c?
16c2
In base 4, what is -2030 + -3201?
-11231
In base 6, what is 244 + -2343?
-2055
In base 10, what is 1393 - -190?
1583
In base 9, what is -42233 - 1?
-42234
In base 16, what is 681 - -b5?
736
In base 11, what is 149 - -1745?
1893
In base 8, what is 5 + 740152?
740157
In base 11, what is -5 + -2823?
-2828
In base 7, what is -225 - -2535?
2310
In base 8, what is -113244 - 24?
-113270
In base 2, what is 1 - 1100100001011?
-1100100001010
In base 3, what is 11 - 1211010100?
-1211010012
In base 14, what is 995 + -3?
992
In base 13, what is -1 - 2758?
-2759
In base 5, what is -110 + -4440114?
-4440224
In base 8, what is 153350 + -16?
153332
In base 6, what is -35 - -51454?
51415
In base 14, what is 11 - 9c080?
-9c06d
In base 9, what is -25 + -7228?
-7254
In base 11, what is 38523 - 3?
38520
In base 7, what is -2 + -1235632?
-1235634
In base 3, what is 21011210 - 212?
21010221
In base 11, what is -7 + 3856a?
38563
In base 7, what is -46 + 65162?
65113
In base 12, what is -93 + 21?
-72
In base 6, what is 12 + -1101?
-1045
In base 6, what is 222422 - 351?
222031
In base 15, what is 11b62 - 4?
11b5d
In base 13, what is 322752 + 0?
322752
In base 10, what is 44 + 918?
962
In base 9, what is -147 - -142?
-5
In base 13, what is 2 + -2255?
-2253
In base 13, what is 561 - 22a?
334
In base 2, what is -101010011001011100100110 + 1?
-101010011001011100100101
In base 7, what is -3 - 2021560?
-2021563
In base 7, what is 24 + -20213?
-20156
In base 12, what is a4b - -10?
a5b
In base 13, what is 5 + 2aa47?
2aa4c
In base 12, what is -9502 + 1?
-9501
In base 3, what is -10002021 - 21?
-10002112
In base 7, what is 45 - 55426?
-55351
In base 16, what is 2ba - -13?
2cd
In base 13, what is 2 - -1831?
1833
In base 10, what is -12 + -241548?
-241560
In base 12, what is 0 + -714?
-714
In base 12, what is 23256 - -9?
23263
In base 13, what is 4c - -2958?
29a7
In base 3, what is 2210211 - 11?
2210200
In base 7, what is 151 - 542?
-361
In base 6, what is -4 - -122043?
122035
In base 7, what is 13 - -31205?
31221
In base 6, what is -1114152 + 2?
-1114150
In base 4, what is -11 + 2200033?
2200022
In base 7, what is -421 + 634